{"id":4,"date":"2015-08-20T18:04:39","date_gmt":"2015-08-20T18:04:39","guid":{"rendered":"http:\/\/bd-afl.net\/cuentoseracconti.com\/?page_id=4"},"modified":"2017-11-01T14:59:52","modified_gmt":"2017-11-01T14:59:52","slug":"home-page","status":"publish","type":"page","link":"https:\/\/cuentoseracconti.miniracconti.com\/","title":{"rendered":"Home page"},"content":{"rendered":"<figure id=\"attachment_5\" aria-describedby=\"caption-attachment-5\" style=\"width: 730px\" class=\"wp-caption alignnone\"><img loading=\"lazy\" decoding=\"async\" class=\"wp-image-5\" src=\"https:\/\/cuentoseracconti.miniracconti.com\/wp-content\/uploads\/2015\/08\/cuentas-e-racconti.jpg\" alt=\"cuentos e racconti\" width=\"730\" height=\"487\" srcset=\"https:\/\/cuentoseracconti.miniracconti.com\/wp-content\/uploads\/2015\/08\/cuentas-e-racconti.jpg 640w, https:\/\/cuentoseracconti.miniracconti.com\/wp-content\/uploads\/2015\/08\/cuentas-e-racconti-300x200.jpg 300w\" sizes=\"auto, (max-width: 730px) 100vw, 730px\" \/><figcaption id=\"caption-attachment-5\" class=\"wp-caption-text\">Cuentos e Racconti<\/figcaption><\/figure>\n<p><strong>&#8220;Siempre imagin\u00e9 que el Para\u00ecso ser\u00eca algun tipo de biblioteca.&#8221;<\/strong><br \/>\nJorge Luis Borges<\/p>\n<p><strong>Leggi anche <a href=\"http:\/\/www.miniracconti.com\/\" target=\"_blank\" rel=\"noopener\">Mini Cuentos | Mini Racconti<\/a><\/strong><\/p>\n<p><a href=\"http:\/\/www.miniracconti.com\/\" target=\"_blank\" rel=\"noopener\"><img loading=\"lazy\" decoding=\"async\" class=\"alignleft wp-image-883\" src=\"http:\/\/bd-afl.net\/cuentoseracconti.com\/wp-content\/uploads\/2015\/08\/miniracconti.jpg\" alt=\"miniracconti\" width=\"730\" height=\"210\" srcset=\"https:\/\/cuentoseracconti.miniracconti.com\/wp-content\/uploads\/2015\/08\/miniracconti.jpg 800w, https:\/\/cuentoseracconti.miniracconti.com\/wp-content\/uploads\/2015\/08\/miniracconti-300x86.jpg 300w, https:\/\/cuentoseracconti.miniracconti.com\/wp-content\/uploads\/2015\/08\/miniracconti-768x221.jpg 768w\" sizes=\"auto, (max-width: 730px) 100vw, 730px\" \/><\/a><\/p>\n","protected":false},"excerpt":{"rendered":"<p>&#8220;Siempre imagin\u00e9 que el Para\u00ecso ser\u00eca algun tipo de biblioteca.&#8221; Jorge Luis Borges Leggi anche Mini Cuentos | Mini Racconti<\/p>\n","protected":false},"author":1,"featured_media":0,"parent":0,"menu_order":0,"comment_status":"closed","ping_status":"closed","template":"","meta":{"footnotes":""},"class_list":["post-4","page","type-page","status-publish","hentry"],"_links":{"self":[{"href":"https:\/\/cuentoseracconti.miniracconti.com\/index.php?rest_route=\/wp\/v2\/pages\/4","targetHints":{"allow":["GET"]}}],"collection":[{"href":"https:\/\/cuentoseracconti.miniracconti.com\/index.php?rest_route=\/wp\/v2\/pages"}],"about":[{"href":"https:\/\/cuentoseracconti.miniracconti.com\/index.php?rest_route=\/wp\/v2\/types\/page"}],"author":[{"embeddable":true,"href":"https:\/\/cuentoseracconti.miniracconti.com\/index.php?rest_route=\/wp\/v2\/users\/1"}],"replies":[{"embeddable":true,"href":"https:\/\/cuentoseracconti.miniracconti.com\/index.php?rest_route=%2Fwp%2Fv2%2Fcomments&post=4"}],"version-history":[{"count":20,"href":"https:\/\/cuentoseracconti.miniracconti.com\/index.php?rest_route=\/wp\/v2\/pages\/4\/revisions"}],"predecessor-version":[{"id":912,"href":"https:\/\/cuentoseracconti.miniracconti.com\/index.php?rest_route=\/wp\/v2\/pages\/4\/revisions\/912"}],"wp:attachment":[{"href":"https:\/\/cuentoseracconti.miniracconti.com\/index.php?rest_route=%2Fwp%2Fv2%2Fmedia&parent=4"}],"curies":[{"name":"wp","href":"https:\/\/api.w.org\/{rel}","templated":true}]}}